7048. Is a a composite number?
False
Suppose -786040 = -65*l + 25*l. Is l composite?
True
Suppose -2*q - 11593300 = -4*u, 5*u - q + 6762144 - 21253775 = 0. Is u a prime number?
False
Let y = 300 - 282. Let s(o) = o**3 - 2*o**2 + 12*o - 39. Is s(y) prime?
False
Let a be (8 + -14)*(-1)/8*4. Let n(o) = 14*o + 13. Let z be n(a). Let x = z + -20. Is x composite?
True
Let o = 487 + -487. Suppose o = 64*n - 67*n + 17163. Is n composite?
True
Let a = 890404 + -456557. Is a composite?
False
Let s(v) be the second derivative of 31*v**5/20 + v**4/6 - v**3/6 + v**2/2 + 16*v - 2. Is s(3) a prime number?
True
Let d = -37248 - -73457. Is d a composite number?
False
Suppose 5*u - 41*l = -36*l + 167785, 3*l = u - 33545. Is u prime?
True
Let a(y) = 2129*y**2 - 266*y - 4339. Is a(-20) a composite number?
False
Let r = 786 + -394. Let z be (0 + 369/6)*-4. Let h = z + r. Is h composite?
True
Suppose -2315*i + 333343 = -2314*i. Is i a composite number?
True
Let k(s) = -s + 13. Let h be k(9). Let y be 0/(4/(-12)*6). Is y + -4 + (-20)/h + 2254 a prime number?
False
Suppose -857369 + 44491 = 51*w - 73*w. Is w a prime number?
False
Let s be (2/(-4))/((-11)/66). Let u be 0 + 4*(3 + -2). Suppose 0 = -u*g + w + 2294, -g + 4*w - 1138 = -s*g. Is g prime?
False
Let p(y) = y**3 - 5*y**2 + 2*y - 10. Let f be p(5). Suppose k - 3*m - 16 = f, 14 = 3*k + 3*m + 2. Suppose -134 = -k*o + 5*o. Is o a composite number?
False
Let g(w) = -w**2 + 7*w + 44. Let t be g(11). Suppose -17*c = -t*c - 35615. Suppose -4 = -2*p, 5*i + 10*p = 5*p + c. Is i a composite number?
True
Let d be 79 - 1 - 2/(-1). Suppose d*k = 74*k + 28746. Is k composite?
True
Suppose -4*x - 69 = 6*g - 5*g, -x - 138 = 2*g. Let m = g - -71. Is (15/(-10) + m)*1418 a composite number?
False
Suppose 4*g - 159*b - 436808 = -155*b, 4*b - 327585 = -3*g. Is g composite?
False
Suppose 0 = 15*h - 362266 - 330809. Is h a prime number?
False
Let p = 746909 - 523006. Is p composite?
False
Suppose -38*u = -354*u + 68104636. Is u composite?
False
Let b(h) = -402*h**3 - 9*h**2 - 23*h - 23. Is b(-5) a composite number?
True
Let o(s) = 30*s**3 - 32*s**2 + 28*s + 85. Is o(21) a composite number?
False
Let o(t) = 543*t**2 + 2*t + 5. Let k be o(-3). Let n = -1525 + k. Let j = n - 1706. Is j prime?
False
Let v(o) = -3654*o + 21. Let a(k) = 3653*k - 22. Let d(p) = -5*a(p) - 4*v(p). Is d(-3) prime?
True
Let k = 2295475 + -1376532. Is k prime?
True
Suppose -3*z + 2*j + 211 = 0, -4*z + 3*j + 279 = -2*j. Let t = 69 - z. Is (-11697)/(-7) - (3 + t)*2 prime?
True
Suppose 0 = y + 3*v + 2 - 20, 0 = -5*y - 3*v + 30. Suppose y*b + 0 = 777. Is b a prime number?
False
Let f(n) = n**3 - n**2 + n - 2. Let z(s) = 7*s**3 + 14*s**2 + 4*s - 1. Let a(u) = -5*f(u) + z(u). Is a(16) a prime number?
True
Let p(y) = -343*y + 37. Let v be p(-11). Suppose x = -x + 2320. Suppose -v - x = -10*c. Is c a prime number?
False
Suppose 0 = -5*i - 3*q - 1839, -2*i + 0*q - 717 = -5*q. Let x be 78/(-130) - 816/(-10). Let y = x - i. Is y prime?
False
Is (-3)/(-18)*487934 - (-6)/9 a composite number?
True
Let m be 171/(-6)*(-38)/3. Let c be (1 + -6)*(-8 + (-612)/(-90)). Suppose -c*g + m = -401. Is g prime?
True
Suppose 2416 = 6*i - 824. Suppose -5*w - 2*y + 19 = -0*y, 4*y + 7 = 5*w. Suppose -364 = -2*g + 2*p, w*p = 3*g + 2*p - i. Is g a prime number?
True
Suppose 5*f = f + 28. Suppose -3*j - 5*o + 31 = 0, 0 = f*j - 4*j + o - 11. Suppose -1637 = -j*a + a. Is a prime?
True
Let n(f) = -f**3 - 16*f**2 + 4*f - 36. Let b(c) = -c**3 + 6*c**2 + 5*c - 3. Let j be b(7). Is n(j) composite?
True
Is 6 + -5 + (-70)/14 - -78843 a composite number?
False
Let u = 159029 - 77007. Is u a composite number?
True
Suppose 8*q - 167998 + 236750 = 2309720. Is q prime?
True
Suppose 30630 = 5*w + 3*o, -3*o - 1982 = -w + 4144. Suppose -w + 26484 = 18*f. Let g = f - -118. Is g a composite number?
False
Suppose 0 = -j - 0*j + 4. Let f(o) = o**2 - 9*o + 5. Let s be f(9). Suppose -s*q = j*q - 342. Is q a prime number?
False
Let i = -47541 + 84748. Is i composite?
True
Let p(d) = 16523*d**2 - 3*d + 2. Let z be p(1). Let q = z + -5927. Suppose -5*l = 8*l - q. Is l prime?
False
Let z(i) = i**3 + 6*i**2 + 6*i**2 + 12*i + 14 - 5*i**2 + 3*i**2. Let c be z(-13). Let u = c + 918. Is u a prime number?
True
Let w(l) = 100*l + 35. Let r(b) = -99*b - 34. Let q(o) = -4*r(o) - 3*w(o). Is q(9) a composite number?
True
Let k = 92 + -53. Suppose 0 = -k*z + 37*z + 5158. Is z a prime number?
True
Let n = 22 - 16. Let h be (-63)/n*(-1 + (-10)/14). Suppose -2 = 4*c + h, 3*i - 268 = -c. Is i a prime number?
False
Suppose -10 = 5*m, -10*j + 9*j - 5*m - 97840 = 0. Is (2/(-10))/(18/j) a composite number?
False
Let z(i) = 6*i**2 - 29*i - 30. Let h be z(-19). Let l = h - -378. Is l a prime number?
False
Let f(y) = 4691*y**2 + 68*y + 1. Is f(4) a prime number?
True
Suppose 2*r - y = -5, -4*r - 6 = -4*y + 6. Is (7 + r)*(3113 + -4) a composite number?
True
Let g(i) = -134*i + 21. Let r = -42 - -38. Let c be g(r). Let n = c + -198. Is n a prime number?
True
Suppose 3*r - 74 = -5*n, 4*n + 29 = 4*r - 123. Let z = 5338 - r. Is z prime?
False
Suppose -94752 = -5*z + 3*g - 17209, 0 = -2*z + g + 31017. Let m = z - 6203. Is m prime?
False
Suppose -3*p + 3*z = -51483, 0 = -2*p + z - 15107 + 49434. Suppose 14295 + p = 3*q. Is q a composite number?
False
Suppose -19 = -10*b + 41. Suppose -2*v - 4*q = 2*v - 16, -5*q + b = -2*v. Is -2 - v/(16/(-42))*4 a prime number?
True
Suppose 29*h = 23*h + 12. Suppose -h*y - 1203 = -p - y, -p = -3*y - 1195. Is p a prime number?
False
Let s be (21 - (-1024)/(-48))*(1 + -1). Suppose -4*c + 3*z = -4 - 11, 2*z = -3*c + 7. Suppose 3512 = 4*u + c*q - q, -4*u + 3*q + 3502 = s. Is u prime?
True
Let t(l) = -2*l**3 - 2*l**2 - 3*l + 17. Let z be t(-10). Suppose 3597 = 4*c - z. Is c a composite number?
False
Let o be (-2)/(1 + 3 - 2). Is (o - 0)*(4 - (8164 + 1)) composite?
False
Let c(o) = -o**3 + 7*o**2 - 4*o - 7. Let u be c(6). Let i be (-316)/(-6)*(-3 + (-15)/u). Let t = i - -1145. Is t a prime number?
True
Let s be 34 + (-1)/(-3)*15. Let u = s + -30. Suppose u*z - 16707 = 10806. Is z a prime number?
False
Suppose 0 = -53*y - 90*y + 29738874 - 5950967. Is y composite?
False
Let v = 203 - 204. Is 0 - 1439/(1/v*1) composite?
False
Suppose 34 = 3*g - 0*r - 4*r, 3*r + 3 = 0. Let q(w) = 1225*w + 0 + g - 1214*w. Is q(7) a prime number?
False
Suppose 0 = -6*h + h + 2*d + 30, -4*d = -4*h + 36. Suppose 25*i - 22*i - 4093 = -2*g, -3*i + 4063 = -h*g. Is i a prime number?
True
Let k(w) = 2184*w + 111. Suppose -5*r - 91 = -131. Is k(r) composite?
True
Suppose 0 = -56*i - 9533431 + 24373778 + 26577309. Is i prime?
True
Let q = 43 + -42. Suppose -h + q = -17. Let u(o) = o**3 - 17*o**2 + 14*o - 5. Is u(h) composite?
False
Let w be 10/75 - (-24296)/30. Let v = -133 + w. Suppose -5*f = 5*c - v - 3103, 0 = 4*c - 2*f - 2994. Is c a composite number?
False
Suppose 49*i = -107*i - 50*i + 31696190. Is i a composite number?
True
Suppose -3*s = j - 8, 5*s = -2*j + 24 - 10. Suppose -2*f + 6*f = 3*m + 4033, 2*f - 2016 = s*m. Is f a composite number?
False
Suppose -3727589 = 22*f - 100*f - 331391. Is f composite?
False
Let j = -870567 + 1618016. Is j a composite number?
False
Suppose -5*x + 64 = 54. Suppose -u - 2724 = -x*p - 3*u, -1 = -u. Is p prime?
True
Let p(d) = 151*d**3 - 16*d**2 + 7*d + 4. Let i(b) = 101*b**3 - 11*b**2 + 5*b + 3. Let w(m) = 7*i(m) - 5*p(m). Is w(-2) prime?
True
Let t(w) be the third derivative of w**5/60 - 13*w**4/24 + 1543*w**3/6 + 12*w**2 + 3*w. Is t(0) a composite number?
False
Let z(o) = 2441*o**3 + 6*o**2 + 3*o - 13. Let m be z(-3). Is 12/21 + (m/35)/(-5) a prime number?
False
Suppose -6995088 = 52*k - 83*k + 6586973. Is k a composite number?
False
Suppose -4*a - s + 566602 = s, 283319 = 2*a - 5*s. Suppose -a = -27*d + 82043. Is d composite?
True
Suppose -25*j + 1822037 = -15*j - 3918473. Is j composite?
False
Suppose 6808 = 2*c + 2524. Suppose c + 867 = -3*a. Is 2/(-11) - (-2 - a/(-11)) a prime number?
False
Suppose 10*p - 20*j - 284627 = -17*j, -p = 2*j - 28465. Is p prime?
True
Let i(n) = 14914*n - 45. Is i(4) prime?
True
Is 456077 + (174/319 - 100/22) a prime number?
False
Is (-3526182)/(-42) - -1*14/49 composite?
True
Suppose 6177 = -2*q - 1199. Let l = 5255 + q. Let h = 7706 - l. Is h a composite number?
True
Let g(